01 (base 4) to base 2.
-11000000100011010001
Convert -18704 (base 9) to base 3.
-122210011
What is -196a12 (base 12) in base 5?
-103303103
Convert c9dd00 (base 14) to base 9.
13771683
Convert 1015116 (base 8) to base 10.
268878
Convert -87012a (base 12) to base 11.
-1229886
-272188 (base 9) to base 11
-1034a6
Convert -2d088 (base 14) to base 13.
-3c355
What is 302312131 (base 4) in base 13?
73a5c
What is -bbc5a (base 13) in base 7?
-2615353
Convert 4041101 (base 5) to base 11.
44a49
-2989281 (base 10) to base 16
-2d9ce1
Convert 213565 (base 8) to base 5.
4242131
Convert -140234154 (base 7) to base 15.
-beba00
Convert 1101012022211 (base 3) to base 9.
1335284
What is 1000000101011111011000 (base 2) in base 11?
1218576
Convert 101002201212 (base 3) to base 4.
300202220
Convert 1011212242 (base 5) to base 8.
7653670
What is 41537 (base 9) in base 8?
65424
What is 1239967 (base 12) in base 5?
1403002113
Convert 623 (base 10) to base 6.
2515
Convert 677c (base 14) to base 6.
215030
Convert 22101211111000 (base 3) to base 4.
101002001223
Convert 43747 (base 16) to base 10.
276295
45392 (base 11) to base 8
200223
What is 252114354 (base 6) in base 12?
17659ba
Convert -59c4 (base 15) to base 3.
-222011211
What is 13541277 (base 8) in base 12?
103953b
What is -3276318 (base 9) in base 12?
-7102b2
What is -120111112111 (base 4) in base 11?
-3667621
212433014 (base 6) to base 13
a1c182
What is -200110201120 (base 3) in base 5?
-43113240
32095 (base 12) to base 6
1224305
Convert 624b61 (base 15) to base 5.
2144023231
What is 13014014 (base 6) in base 9?
712871
-b60412 (base 12) to base 4
-22322301032
-1b60a7 (base 13) to base 10
-698783
-146441335 (base 7) to base 4
-211202320213
What is -aa568 (base 13) in base 12?
-12a653
What is 1103033303 (base 4) in base 11?
213201
6a622 (base 13) to base 4
233131022
2128257 (base 9) to base 12
470437
What is 42a1256 (base 11) in base 13?
174754a
-2103748 (base 9) to base 10
-1124729
Convert -5720 (base 15) to base 8.
-44060
What is -542848 (base 12) in base 10?
-1331768
What is 1467976 (base 10) in base 15?
1dee51
What is -55402312 (base 6) in base 12?
-683398
What is -21034442 (base 5) in base 10?
-174372
Convert -473ab (base 13) to base 11.
-89969
-10412433 (base 5) to base 16
-165e2
-96693 (base 10) to base 5
-11043233
What is -1880685 (base 11) in base 12?
-10930a4
What is 11b64 (base 12) in base 16?
5e3c
Convert -22916 (base 14) to base 2.
-10100100010001000
What is 10110011111111111100 (base 2) in base 7?
6160331
1107489 (base 11) to base 3
10122200121211
Convert -1d0610 (base 14) to base 10.
-1038422
Convert 7a6ac (base 14) to base 13.
a5656
What is 1687215 (base 9) in base 8?
3462616
What is 112120121111112 (base 3) in base 12?
2717588
Convert -1120210110222 (base 3) to base 9.
-1523428
What is 2c366 (base 15) in base 16?
22cb9
What is -21220022221 (base 3) in base 16?
-25f7e
4403244 (base 5) to base 15
1754e
Convert -1505400 (base 6) to base 9.
-142010
Convert -534861 (base 12) to base 7.
-14113243
Convert -11011011101000100 (base 2) to base 5.
-12044302
7138335 (base 9) to base 5
1433224201
-2011122121 (base 3) to base 15
-ca07
Convert -2020200120 (base 4) to base 3.
-1001101222110
Convert -d95a9 (base 15) to base 6.
-22441240
What is 123b48 (base 12) in base 3?
120002120202
Convert -120056100 (base 7) to base 14.
-db43a7
What is 111101111111111 (base 2) in base 8?
75777
47eb (base 16) to base 12
a7a3
11110111011100011000011 (base 2) to base 10
8108227
6f444 (base 16) to base 14
bc136
663447 (base 9) to base 14
a4570
What is -20121210 (base 4) in base 12?
-17ab0
Convert 4005875 (base 10) to base 9.
7475022
What is -4540616 (base 8) in base 16?
-12c18e
-1a700 (base 14) to base 16
-1069c
Convert -111102012 (base 3) to base 6.
-113135
What is -311517 (base 8) in base 15?
-208d2
-9240 (base 14) to base 16
-6238
323120210 (base 4) to base 16
3b624
-250474 (base 14) to base 12
-51219a
What is 222323021003 (base 4) in base 11?
6396016
Convert 2666041 (base 9) to base 3.
2202020001101
Convert -22540 (base 7) to base 6.
-42401
What is 1899512 (base 12) in base 3?
100202011000012
What is 12145446 (base 9) in base 13?
12ca635
Convert 1032301231 (base 4) to base 6.
10525501
What is a2df3 (base 16) in base 15?
d29ed
Convert -5ed6b2 (base 15) to base 10.
-4551017
-1806c9 (base 14) to base 4
-3032222221
What is -59d34 (base 14) in base 4?
-311203222
What is 25562758 (base 9) in base 10?
12559832
Convert -255053 (base 8) to base 15.
-1b3ce
Convert -1120010100210 (base 3) to base 10.
-829137
What is 221323010 (base 4) in base 16?
29ec4
-24350743 (base 8) to base 7
-63402040
What is -76316 (base 12) in base 3?
-21220221200
1101110111001100101111 (base 2) to base 16
37732f
Convert -2555854 (base 11) to base 7.
-52435210
What is 2a2072 (base 12) in base 14?
14631c
7648731 (base 10) to base 7
122004336
What is 1114340 (base 6) in base 7?
324243
What is 54455421 (base 6) in base 12?
664571
What is 11010001011101111 (base 2) in base 12?
52093
What is 437df (base 16) in base 14?
72a63
What is 1000110120022 (base 3) in base 9?
1013508
What is 4632420 (base 10) in base 5?
2141214140
What is 3062064 (base 7) in base 16?
59dd5
Convert 4976c0 (base 14) to base 15.
34ae47
What is 66baa4 (base 13) in base 5?
1110100430
Convert -816472 (base 9) to base 13.
-13c22c
What is -155122 (base 10) in base 7?
-1214152
Convert -326210 (base 7) to base 11.
-3a12a
What is 2603635 (base 8) in base 7?
6100264
What is -232855 (base 12) in base 15?
-b2415
-101111102 (base 4) to base 10
-70994
Convert -1102112020000 (base 3) to base 15.
-eea4c
Convert 404334401 (base 5) to base 2.
110001111100111110011
Convert 44a10 (base 15) to base 13.
78468
Convert 2465215 (base 9) to base 3.
2112012020112
Convert a1039 (base 14) to base 16.
5e78b
What is 1d86ce (base 16) in base 13?
529a04
27630 (base 16) to base 5
20130303
What is -201451 (base 6) in base 14?
-5b4b
39c0e (base 15) to base 11
116a6a
Convert b3309 (base 14) to base 12.
1897a5
Convert -3153233 (base 9) to base 6.
-100105220
Convert -10101200210120 (base 3) to base 16.
-1b8a39
Convert 5880b (base 13) to base 6.
3244452
1000100001101001110100 (base 2) to base 6
115523112
136843 (base 13) to base 8
1631015
Convert 21103003 (base 5) to base 2.
101010110100010010
Convert -1409171 (base 11) to base 13.
-67016b
Convert -112232331132 (base 4) to base 2.
-10110101110111101011110
What is -4010664 (base 7) in base 2?
-1110011100011111001
What is -1ab23 (base 16) in base 15?
-225ec
Convert -20221011121201 (base 3) to base 13.
-9bcb45
-1088988 (base 10) to base 7
-12153615
2812666 (base 9) to base 16
178e9f
What is -21c59 (base 16) in base 14?
-385a9
-2121101200120 (base 3) to base 8
-5222201
What is -221401 (base 7) in base 13?
-14968
Convert -3037734 (base 8) to base 15.
-10ccda
What is 11033142 (base 6) in base 5?
41044230
What is 5c3b4 (base 14) in base 11?
144681
Convert 57030 (base 11) to base 16.
1427b
33321155 (base 6) to base 3
1220002221122
-2121020212000 (base 3) to base 13
-395538
Convert -3545013 (base 6) to base 10.
-185121
What is 135540021 (base 6) in base 11?
1640299
-b327a (base 13) to base 3
-121022121100
What is 1010000111010010101 (base 2) in base 3?
121211121120
What is 724b3 (base 14) in base 7?
2224513
What is 101a28 (base 11) in base 4?
213330212
-186134 (base 14) to base 8
-3223242
What is -114766 (base 10) in base 6?
-2243154
Convert -326d48 (base 16) to base 12.
-11345a0
What is 54541211 (base 8) in base 5?
10444341314
Convert -15551651 (base 8) to base 2.
-1101101101001110101001
Convert -100000110111010101010 (base 2) to base 15.
-16413b
What is -425a1 (base 11) in base 12?
-2ba1a
What is 3204627 (base 11) in base 13?
1227596
40422353 (base 6) to base 4
10121233131
202122212012 (base 3) to base 4
1203102113
Convert -1525235 (base 8) to base 13.
-123b22
Convert 2506053 (base 8) to base 15.
d9c2d
-3ac232 (base 13) to base 2
-101011100001100111000
-11100000110110001001 (base 2) to base 8
-3406611
Convert -572740 (base 8) to base 12.
-94340
71757 (base 11) to base 14
2a247
Convert 625a79 (base 12) to base 15.
207a0c
-17bb275 (base 12) to base 2
-10010111110101010111001
Convert 216010 (base 10) to base 11.
138323
Convert -4552521 (base 7) to base 15.
-b328c
Convert -888660 (base 11) to 